 highest common divisor of 319923 and 2214?
1107
Calculate the highest common divisor of 8825 and 75.
25
What is the greatest common factor of 5 and 2286?
1
What is the highest common factor of 15512 and 6?
2
What is the greatest common divisor of 21853 and 14391?
533
What is the highest common factor of 60 and 3585?
15
What is the greatest common factor of 8725068 and 66?
66
Calculate the highest common factor of 399 and 317775.
57
What is the greatest common divisor of 45 and 1071210?
15
What is the highest common divisor of 3082 and 27470?
134
What is the highest common factor of 6960 and 207408?
1392
Calculate the greatest common factor of 427 and 712663.
427
What is the greatest common divisor of 70 and 1104110?
70
Calculate the greatest common divisor of 1822518 and 76.
38
What is the greatest common factor of 4760 and 565880?
280
What is the greatest common divisor of 50 and 76050?
50
Calculate the greatest common divisor of 2981 and 17534.
11
What is the highest common factor of 24430 and 56?
14
Calculate the greatest common divisor of 1288008 and 1728.
216
Calculate the highest common factor of 40272 and 216.
24
Calculate the highest common divisor of 140 and 248626.
14
Calculate the highest common divisor of 81 and 34767.
9
Calculate the highest common divisor of 87 and 90393.
87
What is the greatest common divisor of 34 and 1289722?
34
What is the highest common factor of 31684 and 4094?
178
Calculate the highest common divisor of 1208 and 152.
8
What is the greatest common divisor of 248186 and 1426?
62
What is the greatest common factor of 39903 and 1981?
283
What is the greatest common factor of 2120 and 14380?
20
Calculate the greatest common divisor of 17 and 341819.
17
Calculate the greatest common factor of 252 and 362148.
12
What is the greatest common divisor of 235281 and 12?
3
Calculate the highest common factor of 981292 and 13.
13
What is the greatest common divisor of 163691 and 1771?
253
Calculate the highest common factor of 55 and 6127.
11
Calculate the greatest common divisor of 12367 and 21456.
149
Calculate the highest common divisor of 964 and 5596.
4
What is the highest common divisor of 1644982 and 438?
146
Calculate the greatest common factor of 6 and 28899.
3
Calculate the greatest common factor of 137174 and 4066.
214
What is the greatest common factor of 85 and 3901670?
85
What is the highest common divisor of 66 and 2022306?
66
Calculate the greatest common factor of 133344 and 288.
288
What is the greatest common factor of 120978 and 44?
22
What is the greatest common factor of 44091 and 65826?
621
Calculate the greatest common divisor of 11356 and 408.
68
What is the highest common divisor of 124839 and 132?
33
Calculate the greatest common divisor of 348 and 496596.
348
What is the highest common factor of 2332 and 10692?
44
Calculate the highest common divisor of 837030 and 150.
30
What is the greatest common factor of 2330 and 637255?
1165
Calculate the highest common factor of 245 and 1085.
35
What is the greatest common divisor of 40 and 47900?
20
Calculate the greatest common divisor of 1184 and 3479776.
1184
What is the greatest common factor of 14634 and 5?
1
Calculate the highest common divisor of 13214445 and 687.
687
Calculate the highest common divisor of 1421 and 88711.
203
What is the highest common factor of 3073400 and 440?
440
What is the highest common factor of 669648 and 72?
24
Calculate the greatest common divisor of 1360620 and 135.
45
What is the greatest common divisor of 71 and 1219354?
71
Calculate the highest common divisor of 6470 and 1630.
10
What is the highest common factor of 43011 and 708?
177
What is the highest common divisor of 2529 and 3205929?
843
What is the greatest common factor of 29 and 67019?
29
What is the highest common factor of 144012 and 176?
44
What is the greatest common divisor of 1792 and 12278?
14
What is the highest common factor of 7107 and 64890?
309
What is the highest common divisor of 975 and 3237?
39
What is the greatest common divisor of 10048 and 7379?
157
Calculate the greatest common factor of 146551 and 303.
101
What is the highest common divisor of 323 and 365047?
19
What is the greatest common divisor of 223 and 872376?
223
Calculate the greatest common divisor of 284073 and 46.
23
What is the highest common factor of 352 and 20438?
22
Calculate the greatest common factor of 70 and 8540.
70
Calculate the greatest common factor of 793 and 4797.
13
What is the greatest common divisor of 229471 and 132?
11
What is the highest common divisor of 352 and 29832?
88
What is the greatest common factor of 70714 and 28?
14
What is the greatest common divisor of 68 and 5267042?
34
What is the highest common factor of 10792 and 1121?
19
What is the highest common factor of 12512 and 31008?
544
What is the greatest common divisor of 7 and 52430?
7
Calculate the greatest common factor of 657 and 949.
73
Calculate the greatest common factor of 16171 and 2060.
103
What is the greatest common factor of 6574 and 1710?
38
Calculate the greatest common divisor of 160 and 426080.
160
What is the highest common factor of 10124 and 756?
4
What is the greatest common factor of 460931 and 178?
89
What is the highest common divisor of 3278 and 704?
22
What is the greatest common divisor of 48843 and 6633?
603
What is the highest common factor of 10912 and 3317?
31
What is the greatest common factor of 96 and 18600?
24
What is the highest common factor of 2680 and 12730?
670
Calculate the greatest common divisor of 53354 and 5439.
259
What is the highest common factor of 16653 and 1833?
39
Calculate the greatest common factor of 153 and 3957.
3
Calculate the highest common divisor of 5304 and 348.
12
What is the highest common divisor of 105559 and 1132?
283
Calculate the highest common factor of 951396 and 12.
12
Calculate the highest common factor of 238 and 1584842.
238
Calculate the highest common divisor of 14544 and 86860.
404
What is the greatest common factor of 519916 and 304?
76
What is the greatest common factor of 8 and 110776?
8
Calculate the highest common divisor of 2894 and 52.
2
Calculate the greatest common factor of 10052 and 11200.
28
Calculate the greatest common divisor of 151563 and 228.
57
What is the highest common divisor of 14456 and 3484?
52
What is the greatest common factor of 650 and 180505?
65
What is the greatest common factor of 136080 and 357?
21
What is the highest common factor of 34090 and 210?
70
Calculate the highest common factor of 8463 and 1638.
273
Calculate the highest common factor of 448 and 6896.
16
What is the highest common factor of 4080 and 31575?
15
What is the highest common factor of 837403 and 21?
7
Calculate the greatest common divisor of 4567711 and 1063.
1063
Calculate the highest common divisor of 84 and 15463.
7
Calculate the highest common divisor of 66597 and 237.
237
Calculate the greatest common factor of 18712 and 64.
8
What is the greatest common factor of 312427 and 2?
1
What is the highest common divisor of 67188 and 1452?
132
Calculate the highest common factor of 7 and 28903.
7
What is the highest common factor of 44580 and 36?
12
Calculate the highest common factor of 2583 and 35014.
287
What is the greatest common factor of 182 and 1378?
26
What is the highest common divisor of 2619486 and 358?
358
What is the greatest common divisor of 54 and 18540?
18
What is the highest common factor of 205597 and 3542?
161
Calculate the greatest common factor of 8 and 1568.
8
Calculate the greatest common divisor of 6 and 81222.
6
What is the greatest common divisor of 5037 and 12921?
219
What is the greatest common divisor of 124 and 22754?
62
Calculate the greatest common divisor of 312 and 355680.
312
What is the greatest common factor of 957125 and 1178?
589
What is the greatest common divisor of 83300 and 1450?
50
What is the highest common factor of 168 and 4152?
24
What is the highest common factor of 220 and 52?
4
What is the greatest common divisor of 490675 and 6650?
475
Calculate the greatest common factor of 57 and 201647.
19
Calculate the greatest common factor of 312 and 2317302.
78
What is the greatest common factor of 10 and 21218?
2
Calculate the highest common divisor of 43473 and 7